{"id":2875,"date":"2024-01-16T18:40:45","date_gmt":"2024-01-16T18:40:45","guid":{"rendered":"https:\/\/crystaluniverses.com\/?post_type=product&#038;p=2875"},"modified":"2024-01-17T04:01:36","modified_gmt":"2024-01-17T04:01:36","slug":"natural-black-tourmaline-pyramid","status":"publish","type":"product","link":"https:\/\/crystaluniverses.com\/index.php\/product\/natural-black-tourmaline-pyramid\/","title":{"rendered":"Natural Black Tourmaline Pyramid For Reiki Healing Crystal Healing Vastu Positive Energy Money Home D\u00e9cor"},"content":{"rendered":"<p><strong>Black Tourmaline is one of the most powerful stones for protection. It also helps to eliminate negative energy of all forms, and has a strong purifying effect. It can transform negative energy into positive energy. It also inspires self-confidence and a sense of personal power. It can shield you from negative influences, anger, and anxiety.<\/strong><strong>\n<\/strong><\/p><p><strong>Black Tourmaline stimulates the Root Chakra and has a strong grounding effect. It provides stability and can inspire connection with the Earth. In addition to its ability to protect, Black Tourmaline can also cleanse you of negative thoughts or feelings. It can aid in self-understanding and soothe anxiety.<\/strong><\/p>","protected":false},"excerpt":{"rendered":"<p><strong>Item : Black Tourmaline Stone Pyramid<br \/>Stone : Black Tourmaline<br \/>Size : &#8212; Availabe In All Sizes(Customized).<br \/>Color : Black<br \/>Shape :- Pyramid<br \/>Showpiece, Table D\u00e9cor , Home D\u00e9cor, Office D\u00e9cor, Attractive Gifts, Wellness boutique<br \/>Suitable For: Table, Showpiece and decorative<br \/>Occasion:- Christmas, Graduation, Housewarming, Anniversary, Thanksgiving<br \/>Cartoon Character:- bubble<br \/>Specific Uses For Product:- home d\u00e9cor<br \/><\/strong><\/p>\n","protected":false},"featured_media":2877,"comment_status":"open","ping_status":"closed","template":"","meta":[],"product_brand":[],"product_cat":[269,106],"product_tag":[273,162],"class_list":{"0":"post-2875","1":"product","2":"type-product","3":"status-publish","4":"has-post-thumbnail","6":"product_cat-pyramid-black-tourmaline","7":"product_cat-black-tourmaline","8":"product_tag-black-tourmaline","9":"product_tag-pyramid","11":"first","12":"instock","13":"shipping-taxable","14":"product-type-simple"},"_links":{"self":[{"href":"https:\/\/crystaluniverses.com\/index.php\/wp-json\/wp\/v2\/product\/2875","targetHints":{"allow":["GET"]}}],"collection":[{"href":"https:\/\/crystaluniverses.com\/index.php\/wp-json\/wp\/v2\/product"}],"about":[{"href":"https:\/\/crystaluniverses.com\/index.php\/wp-json\/wp\/v2\/types\/product"}],"replies":[{"embeddable":true,"href":"https:\/\/crystaluniverses.com\/index.php\/wp-json\/wp\/v2\/comments?post=2875"}],"wp:featuredmedia":[{"embeddable":true,"href":"https:\/\/crystaluniverses.com\/index.php\/wp-json\/wp\/v2\/media\/2877"}],"wp:attachment":[{"href":"https:\/\/crystaluniverses.com\/index.php\/wp-json\/wp\/v2\/media?parent=2875"}],"wp:term":[{"taxonomy":"product_brand","embeddable":true,"href":"https:\/\/crystaluniverses.com\/index.php\/wp-json\/wp\/v2\/product_brand?post=2875"},{"taxonomy":"product_cat","embeddable":true,"href":"https:\/\/crystaluniverses.com\/index.php\/wp-json\/wp\/v2\/product_cat?post=2875"},{"taxonomy":"product_tag","embeddable":true,"href":"https:\/\/crystaluniverses.com\/index.php\/wp-json\/wp\/v2\/product_tag?post=2875"}],"curies":[{"name":"wp","href":"https:\/\/api.w.org\/{rel}","templated":true}]}}